at is the tens digit of p(-6)?
9
Suppose -12931 = -3*b - 1378. What is the thousands digit of b?
3
Let c(x) = 10*x**2 - x**2 - 4*x - 2*x**2 + 1 - x**2. What is the units digit of c(4)?
1
Let w(b) = -3 - 2*b - 13 - 4. Let m be w(-14). What is the units digit of -3 + (-3)/(-2)*m?
9
Suppose -5*d - 41 = -131. Let o = d - 32. Let k = o - -27. What is the tens digit of k?
1
Let x(u) = -98*u - 63. What is the tens digit of x(-20)?
9
Let c(l) = -3*l**3 - 4*l**2 + 9*l - 26. Let u be c(5). Let w = -273 - u. What is the units digit of w?
3
Suppose -263 - 46 = 3*x. Let n be 8/104 - 9940/(-65). Let l = x + n. What is the tens digit of l?
5
Let k(i) = 11*i**2 - 29*i - 5. What is the tens digit of k(6)?
1
Let t(k) = -6*k - 40. Let c be t(-7). What is the units digit of (32 - c) + -4 + 24/6?
0
Let h be (9/(-3))/((-6)/18). Suppose h*l + 107 = 10*l. What is the hundreds digit of l?
1
Suppose 0 = 5*p - 5*o - 685, -4*p - 5*o = -29 - 564. What is the units digit of p?
2
Let x(u) = -u**2 + 14*u - 18. Let k(r) = -2*r**3 - 5*r**2 + r - 1. Let m be k(-4). Let q = m + -31. What is the units digit of x(q)?
6
Let h(n) = n**2 + 3*n + 5. Let p be h(-2). Let y(j) = 0*j**p - 4*j - 3*j + 3*j**3 - 2*j**3 - 7 - 9*j**2. What is the tens digit of y(10)?
2
Let c(j) = -2 + 11*j + j**2 + 6 - 23*j. Let y be c(12). Suppose 0*q + y*q - 96 = 0. What is the tens digit of q?
2
Let y(i) = 6 - 20*i - 26*i + 15*i + 0*i. What is the tens digit of y(-3)?
9
Let r(u) = 8 - 2 + 1 + 4*u - 1. Let j be r(12). Suppose 0*q - 93 = -2*k - 3*q, -k + j = 3*q. What is the units digit of k?
9
Let l(u) = -u**2 - 8*u + 4. Let r be l(-8). Suppose 0 = -o + r*o. Suppose o = -f + 38 - 15. What is the tens digit of f?
2
Let j = -3 + -9. What is the tens digit of 97/(4*(-3)/j)?
9
Let g = 40 + -40. Suppose g = -2*w - 4*a, 14 = 4*w - 0*a + a. What is the units digit of w?
4
Let p be 1 - (-1 + -1 + 0). Suppose 8*b = p*b + 20. Suppose -2*o - 2 = -b. What is the units digit of o?
1
Let d = 689 + 25. What is the tens digit of d?
1
What is the units digit of (-1720)/(-3) - (-4)/6?
4
Let d be -13 + 12 + (2 - 1). Suppose d*x + 6 = 3*x. What is the units digit of 4/(x*3/39)?
6
Let u(k) = 76*k - 377. What is the tens digit of u(30)?
0
Let s be (-6)/16 - (-38)/16. What is the tens digit of (7*(s - -3))/1?
3
Suppose 0 = 5*k - x - 24, -3*k + 1 = 4*x + 5. Suppose -k*f - 12 = 0, 0*f - 3*f = 3*n + 6. What is the units digit of ((-2)/6)/(n/(-66))?
2
Suppose -95*l = -105*l + 9030. What is the tens digit of l?
0
What is the units digit of (-6 - -134)*(14 - 3)?
8
Suppose -2*g - 6 + 29 = k, 0 = 5*g - 5. Let x = 4 + k. What is the tens digit of x?
2
Suppose 0 = a + 4*n, -a - 4*n - 4 = -n. Let s = -31 - a. What is the units digit of ((-108)/s)/(6/15)?
8
Let q = -117 + 463. What is the tens digit of q?
4
Let t(v) = v**3 + 15*v**2 + 14*v + 16. Let f be t(-14). Suppose 0 = -0*x + x - 7. Let o = x + f. What is the units digit of o?
3
Let j(r) = -r**3 + 3*r**2 + 7*r - 6. Let k(m) = m - 2. Let v be k(6). Let a be j(v). Suppose 4*t = a*t - 48. What is the tens digit of t?
2
Suppose -3*m - 4*g - 8 = 0, 0 = -5*m + g + 16 + 9. Suppose -8*x - m = -9*x. Suppose x*u = u + 42. What is the units digit of u?
4
Let h(g) = 87*g**2 + 3*g - 1. Let q be h(1). Suppose -5*u - 182 = -3*n, 4*u = 4*n - 5*n + q. What is the tens digit of n?
6
Let m = 476 - 209. What is the tens digit of m?
6
Let i = -2 - -2. Suppose 4*m = 2*m + 2*k + 4, i = -4*k + 4. Let g(a) = -a**2 + 8*a - 2. What is the tens digit of g(m)?
1
What is the tens digit of (0 - -540)/(-2 + 14/4)?
6
Let s be (4/5)/((-1)/10). What is the tens digit of (18/s)/((-12)/336)?
6
Let w(z) = z**2 - 7*z + 10. Let t be w(5). Suppose -9*r + 10*r - 25 = t. What is the tens digit of r?
2
What is the units digit of (8477/(-98))/(1 - 14/12)?
9
Let m be 285/(-90) + (-1)/(-6). What is the tens digit of (90/12)/m*632/(-10)?
5
Suppose -674 + 2433 = q + 5*f, -3*f = 6. What is the thousands digit of q?
1
Let j = 1247 + -764. What is the tens digit of j?
8
Let j = 5 - -3. Let y = -3 + j. Suppose y*i = -50 + 150. What is the tens digit of i?
2
Let r = -2 - 1. Let f(v) = v**3 + 4*v**2 - 2. Let d be f(r). Suppose -d = a - 9. What is the units digit of a?
2
Let m be 76/57 + 1130/3. Suppose -m = 4*y + 2*s, 15 = -2*s - 3*s. Let r = -43 - y. What is the tens digit of r?
5
Suppose -h = 4*m - 5, -5*m - 7 = -7*m - 5*h. Let r = -23 - -19. What is the units digit of 4*(r - -6) + m?
9
Suppose -10*i + 7*i + 6 = 0. Suppose 5*r - 3*w = -4*w + 393, -i*r + 164 = -3*w. What is the tens digit of r?
7
Let h(a) = -2*a - 1. Let u be h(-2). Suppose -l = -r - 11, -l - u*r - 3 = l. What is the units digit of 0 - (-3)/(l/10)?
5
Suppose -4*s = -0*s + 12. Let l(n) = -12*n - 7. What is the tens digit of l(s)?
2
Let o(b) be the first derivative of 10 - b - 11*b**2 + 14*b**2 - 2*b. What is the tens digit of o(7)?
3
Let g(k) = -85*k + 66. Let s(p) = 56*p - 44. Let l(z) = -5*g(z) - 8*s(z). What is the units digit of l(-13)?
1
Let k(b) = -39 + 4*b + 12 - b - 9*b. What is the units digit of k(-6)?
9
What is the hundreds digit of 5740/15 + (-3)/(-9)?
3
Let v = 779 + -266. Suppose q - 113 = 2*u, 3*q - 8*q = 3*u - v. What is the hundreds digit of q?
1
Let p be ((-222)/18 - -1)/(2/27). Let d = p + 262. What is the units digit of d?
9
Let q(v) = 11*v + 1. What is the units digit of q(5)?
6
Let u be 1/(-2)*(-80)/8. Suppose 4*j - u = -25. Let w(l) = l + 11. What is the units digit of w(j)?
6
Let m be (-4)/18 - (-224)/36. Let u be m/4*10 - -2. Suppose 0 = -12*a + u*a - 210. What is the tens digit of a?
4
What is the hundreds digit of 8*12/(-24)*2377/(-2)?
7
Let o(g) = -3*g**3 - 24*g**2 - 40*g - 19. Let p(i) = i**3 + i**2 + i + 1. Let s(r) = -o(r) - 2*p(r). What is the units digit of s(-20)?
7
What is the tens digit of (-252)/(-28)*(4 + -2 - -1)?
2
Let b(k) be the third derivative of k**5/20 - k**4/6 - k**3 + 2*k**2. What is the units digit of b(5)?
9
Suppose 23148 = 36*k - 24*k. What is the units digit of k?
9
Let a(s) = 14*s**2 - 5*s - 30. What is the hundreds digit of a(-4)?
2
Let s = -34 + 38. Suppose 210 = s*c - 130. What is the units digit of c?
5
Let o(r) = r**3 + 10*r**2 + 2*r - 7. Suppose 5*g = 2*g + 6. Suppose 0 = 4*z - 4*h - 20 + 72, -g*z - 3*h - 6 = 0. What is the tens digit of o(z)?
5
Let n(i) = i**3 - 4*i**2 + 16*i - 38. Let c be n(8). Let j = -154 + c. What is the units digit of j?
2
Let v(f) = -f + 1 - 62*f**2 + 68*f**2 - 2*f. What is the tens digit of v(4)?
8
Suppose q = 3*g + 75, 2*q - 447 = -3*q - 3*g. Suppose f = q + 27. Let m = f + -54. What is the units digit of m?
0
Suppose 683*p - 681*p = 1922. What is the units digit of p?
1
Let a(m) be the first derivative of 13*m + 7 + 1/2*m**2. What is the units digit of a(-8)?
5
Let c = 673 + 1980. What is the units digit of c?
3
Let p be 23/(-4) - 9/36. Let v be (2 + 10)/(4/p). What is the units digit of 6/(-21) - v/14?
1
Let b(j) = 315*j - 11. What is the units digit of b(2)?
9
Let l(u) = 45*u**2 - 38*u + 21. What is the hundreds digit of l(-10)?
9
Let a(x) = x**2 - 10*x + 5. Let h be a(10). Suppose -2*u - 10 = 4*r, 2*r + u = h*u. What is the units digit of 12/(-6)*r*1?
4
Let x(d) = -2825 + 2*d + 2815 - d - 3*d + 2*d**2. Let g = 6 - 11. What is the tens digit of x(g)?
5
Let b(z) = 121*z + 218. What is the units digit of b(23)?
1
Let r be ((-5)/(-10))/((-1)/(-10)). Let a = 9 - r. Suppose 25 = b + a*b. What is the units digit of b?
5
Suppose f - 4 = -0. Let i = f - -37. Suppose i = -3*o + 4*o. What is the tens digit of o?
4
Suppose 2*b - 17 = 11. Let d = -46 - b. What is the units digit of ((-6)/(-9))/((-5)/d)?
8
Let o(v) = v**2 + 6*v - 14. Let u be o(-8). Suppose l = -u*g + g + 184, -2*g - l = -372. What is the hundreds digit of g?
1
Suppose b = -w + 3*b + 8, 10 = -2*b. Let f(y) = 2*y**3 - 2*y**2 - 2 - 35*y + 10*y + 9*y - 9*y**3 + 11*y. What is the tens digit of f(w)?
5
Let l(o) = -7 - 1 + 1 - 4 + o. Let f be l(16). Suppose -f*h = -211 + 66. What is the units digit of h?
9
Let o(g) be the first derivative of 1 + 6*g + 3*g**2 + 1/3*g**3. What is the units digit of o(-5)?
1
Suppose -2*o = -4178 + 282. What is the hundreds digit of o?
9
What is the hundreds digit of (-1)/3*36/(-24)*428?
2
Let n(v) = -10*v**3 + 6*v**2 - 6*v + 9. Let x be n(4). Let s = -336 - x. What is the tens digit of s?
2
Let w = 27 - 